s the thousands digit of 2811951?
1
What is the units digit of 16048305?
5
What is the ten thousands digit of 99259?
9
What is the hundreds digit of 1074007?
0
What is the hundred thousands digit of 977021?
9
What is the units digit of 394701?
1
What is the tens digit of 4462814?
1
What is the millions digit of 6009671?
6
What is the millions digit of 21062349?
1
What is the ten thousands digit of 782693?
8
What is the hundred thousands digit of 2393948?
3
What is the thousands digit of 81505?
1
What is the hundreds digit of 2596?
5
What is the hundreds digit of 415476?
4
What is the hundreds digit of 520247?
2
What is the tens digit of 129969?
6
What is the hundreds digit of 246542?
5
What is the thousands digit of 934459?
4
What is the hundreds digit of 1295966?
9
What is the hundreds digit of 96770?
7
What is the units digit of 121199?
9
What is the ten thousands digit of 2422984?
2
What is the tens digit of 155076?
7
What is the thousands digit of 2623780?
3
What is the hundred thousands digit of 264050?
2
What is the hundreds digit of 615121?
1
What is the units digit of 4024358?
8
What is the ten thousands digit of 6889328?
8
What is the tens digit of 512216?
1
What is the hundreds digit of 18264?
2
What is the hundreds digit of 5362118?
1
What is the units digit of 112080?
0
What is the thousands digit of 98811?
8
What is the ten thousands digit of 202238?
0
What is the ten thousands digit of 86485?
8
What is the tens digit of 21221162?
6
What is the tens digit of 2641617?
1
What is the thousands digit of 5067214?
7
What is the tens digit of 3353671?
7
What is the units digit of 134930?
0
What is the tens digit of 389094?
9
What is the hundred thousands digit of 6789006?
7
What is the millions digit of 1612781?
1
What is the tens digit of 926316?
1
What is the thousands digit of 591939?
1
What is the tens digit of 253848?
4
What is the tens digit of 568124?
2
What is the thousands digit of 1764551?
4
What is the units digit of 552335?
5
What is the thousands digit of 74598?
4
What is the hundreds digit of 615244?
2
What is the thousands digit of 2490853?
0
What is the ten thousands digit of 4590863?
9
What is the units digit of 13114431?
1
What is the units digit of 1503957?
7
What is the units digit of 6607488?
8
What is the hundred thousands digit of 1074960?
0
What is the hundred thousands digit of 6087246?
0
What is the ten thousands digit of 1044422?
4
What is the tens digit of 13635966?
6
What is the millions digit of 4462818?
4
What is the ten thousands digit of 4057566?
5
What is the ten thousands digit of 1386567?
8
What is the units digit of 38973425?
5
What is the ten thousands digit of 2208711?
0
What is the tens digit of 9096785?
8
What is the ten thousands digit of 341227?
4
What is the hundreds digit of 3043945?
9
What is the tens digit of 684139?
3
What is the hundred thousands digit of 473239?
4
What is the units digit of 6297211?
1
What is the hundreds digit of 496547?
5
What is the ten thousands digit of 8977859?
7
What is the hundred thousands digit of 162560?
1
What is the hundred thousands digit of 504469?
5
What is the units digit of 518051?
1
What is the units digit of 947581?
1
What is the ten thousands digit of 442644?
4
What is the hundred thousands digit of 142823?
1
What is the hundred thousands digit of 154254?
1
What is the ten thousands digit of 128418?
2
What is the hundred thousands digit of 315035?
3
What is the thousands digit of 290375?
0
What is the units digit of 13000383?
3
What is the tens digit of 15564574?
7
What is the hundreds digit of 634172?
1
What is the ten thousands digit of 481238?
8
What is the millions digit of 18975126?
8
What is the hundreds digit of 164161?
1
What is the hundreds digit of 552065?
0
What is the hundreds digit of 203482?
4
What is the millions digit of 1321884?
1
What is the ten thousands digit of 509364?
0
What is the hundreds digit of 330477?
4
What is the hundreds digit of 283634?
6
What is the ten thousands digit of 18300?
1
What is the hundreds digit of 13320453?
4
What is the millions digit of 2795037?
2
What is the thousands digit of 586887?
6
What is the ten thousands digit of 810522?
1
What is the units digit of 1310880?
0
What is the hundred thousands digit of 12920603?
9
What is the hundreds digit of 589807?
8
What is the ten thousands digit of 169897?
6
What is the units digit of 777881?
1
What is the hundred thousands digit of 1037038?
0
What is the hundreds digit of 197853?
8
What is the hundred thousands digit of 615459?
6
What is the thousands digit of 1039204?
9
What is the ten thousands digit of 12606380?
0
What is the tens digit of 783066?
6
What is the thousands digit of 1039551?
9
What is the hundred thousands digit of 102208?
1
What is the units digit of 1223615?
5
What is the hundreds digit of 183607?
6
What is the thousands digit of 114375?
4
What is the units digit of 2311739?
9
What is the units digit of 70121?
1
What is the millions digit of 2237801?
2
What is the hundred thousands digit of 725546?
7
What is the hundreds digit of 3588110?
1
What is the tens digit of 1064889?
8
What is the tens digit of 453168?
6
What is the ten millions digit of 14958771?
1
What is the tens digit of 2597897?
9
What is the units digit of 3268101?
1
What is the units digit of 166108?
8
What is the ten thousands digit of 728660?
2
What is the hundreds digit of 12093389?
3
What is the units digit of 3545106?
6
What is the hundreds digit of 58470?
4
What is the tens digit of 798347?
4
What is the units digit of 1708294?
4
What is the tens digit of 370553?
5
What is the tens digit of 1639563?
6
What is the tens digit of 1511315?
1
What is the units digit of 744431?
1
What is the hundred thousands digit of 290930?
2
What is the thousands digit of 21667603?
7
What is the thousands digit of 525977?
5
What is the thousands digit of 75752?
5
What is the hundreds digit of 951333?
3
What is the hundred thousands digit of 2807187?
8
What is the millions digit of 4092701?
4
What is the hundreds digit of 936306?
3
What is the tens digit of 121839?
3
What is the units digit of 150732?
2
What is the units digit of 160568?
8
What is the thousands digit of 260565?
0
What is the hundred thousands digit of 7305195?
3
What is the thousands digit of 756725?
6
What is the thousands digit of 647799?
7
What is the millions digit of 14463591?
4
What is the ten thousands digit of 273863?
7
What is the units digit of 7715014?
4
What is the tens digit of 42064676?
7
What is the tens digit of 3535258?
5
What is the hundred thousands digit of 10173236?
1
What is the tens digit of 1531956?
5
What is the millions digit of 7933973?
7
What is the ten thousands digit of 1726268?
2
What is the units digit of 839411?
1
What is the units digit of 3348825?
5
What is the hundred thousands digit of 217302?
2
What is the hundred thousands digit of 15996895?
9
What is the hundreds digit of 56015?
0
What is the hundreds digit of 489014?
0
What is the millions digit of 2704536?
2
What is the millions digit of 1936755?
1
What is the hundreds digit of 862980?
9
What is the thousands digit of 764281?
4
What is the thousands digit of 23304?
3
What is the hundreds digit of 967504?
5
What is the hundred thousands digit of 1126700?
1
What is the ten millions digit of 24304214?
2
What is the thousands digit of 5660654?
0
What is the hundreds digit of 629516?
5
What is the thousands digit of 8478879?
8
What is the tens digit of 764737?
3
What is the units digit of 22903069?
9
What is the ten thousands digit of 1167886?
6
What is the millions digit of 1163327?
1
What is the hundreds digit of 124471?
4
What is the hundred thousands digit of 5162210?
1
What is the tens digit of 8075175?
7
What is the millions digit of 3007268?
3
What is the thousands digit of 176005?
6
What is the thousands digit of 3160061?
0
What is the hundred thousands digit of 190566?
1
What is the units digit of 1633285?
5
What is the millions digit of 4998458?
4
What is the thousands digit of 55748?
5
What is the ten thousands digit of 224962?
2
What is the hundred thousands digit of 1488728?
4
What is the hundred thousands digit of 17700930?
7
What is the hundred thousands digit of 262913?
2
What is the hundreds digit of 1919858?
8
What